{"id":2,"date":"2025-10-26T08:19:26","date_gmt":"2025-10-26T08:19:26","guid":{"rendered":"http:\/\/kizuart.com\/?page_id=2"},"modified":"2025-10-27T09:28:15","modified_gmt":"2025-10-27T09:28:15","slug":"sample-page","status":"publish","type":"page","link":"https:\/\/kizuart.com\/index.php\/sample-page\/","title":{"rendered":"O MNIE"},"content":{"rendered":"\n<div class=\"wp-block-group is-nowrap is-layout-flex wp-container-core-group-is-layout-6c531013 wp-block-group-is-layout-flex\">\n<blockquote class=\"wp-block-quote is-layout-flow wp-container-core-quote-is-layout-d4eb6ada wp-block-quote-is-layout-flow\" style=\"margin-top:0;margin-right:0;margin-bottom:0;margin-left:0;padding-top:0;padding-right:var(--wp--preset--spacing--30);padding-bottom:0;padding-left:var(--wp--preset--spacing--30)\">\n<figure class=\"wp-block-image size-large is-resized\"><img loading=\"lazy\" decoding=\"async\" width=\"1719\" height=\"1719\" src=\"https:\/\/kizuart.com\/wp-content\/uploads\/2025\/10\/2M4A9877-copy-edited.jpg\" alt=\"\" class=\"wp-image-114\" style=\"width:218px;height:auto\" srcset=\"https:\/\/kizuart.com\/wp-content\/uploads\/2025\/10\/2M4A9877-copy-edited.jpg 1719w, https:\/\/kizuart.com\/wp-content\/uploads\/2025\/10\/2M4A9877-copy-edited-300x300.jpg 300w, https:\/\/kizuart.com\/wp-content\/uploads\/2025\/10\/2M4A9877-copy-edited-1024x1024.jpg 1024w, https:\/\/kizuart.com\/wp-content\/uploads\/2025\/10\/2M4A9877-copy-edited-150x150.jpg 150w, https:\/\/kizuart.com\/wp-content\/uploads\/2025\/10\/2M4A9877-copy-edited-768x768.jpg 768w, https:\/\/kizuart.com\/wp-content\/uploads\/2025\/10\/2M4A9877-copy-edited-1536x1536.jpg 1536w, https:\/\/kizuart.com\/wp-content\/uploads\/2025\/10\/2M4A9877-copy-edited-600x600.jpg 600w, https:\/\/kizuart.com\/wp-content\/uploads\/2025\/10\/2M4A9877-copy-edited-100x100.jpg 100w\" sizes=\"auto, (max-width: 1719px) 100vw, 1719px\" \/><figcaption class=\"wp-element-caption\">Zuzanna Kierpiec &#8211; KIZU art<\/figcaption><\/figure>\n\n\n\n<p>Z wykszta\u0142cenia jestem in\u017cynierem architektem wi\u0119c malarstwo towarzyszy mi od zawsze. Tworz\u0119 z potrzeby serca, z fascynacji kolorem, \u015bwiat\u0142em i emocjami. <\/p>\n\n\n\n<p>Wierz\u0119, \u017ce sztuka powinna wprowadza\u0107 do wn\u0119trza emocje, a nie tylko dekoracj\u0119.<\/p>\n<\/blockquote>\n<\/div>\n\n\n\n<p>.<\/p>\n","protected":false},"excerpt":{"rendered":"<p>Z wykszta\u0142cenia jestem in\u017cynierem architektem wi\u0119c malarstwo towarzyszy mi od zawsze. Tworz\u0119 z potrzeby serca, z fascynacji kolorem, \u015bwiat\u0142em i emocjami. Wierz\u0119, \u017ce sztuka powinna wprowadza\u0107 do wn\u0119trza emocje, a nie tylko dekoracj\u0119. .<\/p>\n","protected":false},"author":1,"featured_media":0,"parent":0,"menu_order":0,"comment_status":"closed","ping_status":"open","template":"","meta":{"footnotes":""},"class_list":["post-2","page","type-page","status-publish","hentry"],"_links":{"self":[{"href":"https:\/\/kizuart.com\/index.php\/wp-json\/wp\/v2\/pages\/2","targetHints":{"allow":["GET"]}}],"collection":[{"href":"https:\/\/kizuart.com\/index.php\/wp-json\/wp\/v2\/pages"}],"about":[{"href":"https:\/\/kizuart.com\/index.php\/wp-json\/wp\/v2\/types\/page"}],"author":[{"embeddable":true,"href":"https:\/\/kizuart.com\/index.php\/wp-json\/wp\/v2\/users\/1"}],"replies":[{"embeddable":true,"href":"https:\/\/kizuart.com\/index.php\/wp-json\/wp\/v2\/comments?post=2"}],"version-history":[{"count":5,"href":"https:\/\/kizuart.com\/index.php\/wp-json\/wp\/v2\/pages\/2\/revisions"}],"predecessor-version":[{"id":164,"href":"https:\/\/kizuart.com\/index.php\/wp-json\/wp\/v2\/pages\/2\/revisions\/164"}],"wp:attachment":[{"href":"https:\/\/kizuart.com\/index.php\/wp-json\/wp\/v2\/media?parent=2"}],"curies":[{"name":"wp","href":"https:\/\/api.w.org\/{rel}","templated":true}]}}